{"id":7404,"date":"2021-12-06T00:37:53","date_gmt":"2021-12-05T23:37:53","guid":{"rendered":"https:\/\/pruebas.turismodesanxenxo.com\/?post_type=citadela-item&#038;p=7404"},"modified":"2021-12-08T03:42:51","modified_gmt":"2021-12-08T02:42:51","slug":"capilla-de-o-santo","status":"publish","type":"citadela-item","link":"https:\/\/www.turismodesanxenxo.com\/en\/que-visitar\/capilla-de-o-santo\/","title":{"rendered":"Chapel of O Santo"},"content":{"rendered":"<p>From the 16th century, 1591, with a single rectangular nave. On its main fa\u00e7ade there is a coat of arms, with oxen symbolising those contributed by the abbot of Nantes to facilitate its construction, topped by a steeple. <\/p>\n\n\n\n<p>The surrounding area has recently undergone an urban refurbishment, with cobblestones and better lighting, which has brightened up the chapel and humanised its surroundings.<\/p>","protected":false},"excerpt":{"rendered":"<p>Del siglo XVI, a\u00f1o 1591, de una sola nave rectangular. En su fachada principal tiene un escudo donde se representan los bueyes que simbolizan los que aport\u00f3 el abad de Nantes para facilitar su construcci\u00f3n rematada en espada\u00f1a. Su entorno ha sido recientemente objeto de una mejora urban\u00edstica, con un empedrado y mejora de la [&hellip;]<\/p>\n","protected":false},"author":4,"featured_media":7683,"menu_order":0,"comment_status":"closed","ping_status":"closed","template":"","meta":{"ghostkit_customizer_options":"","ghostkit_custom_css":"","ghostkit_custom_js_head":"","ghostkit_custom_js_foot":"","ghostkit_typography":"","_citadela_hide_page_title":"","_citadela_remove_header_space":"","_citadela_custom_class":"","_citadela_ignore_special_page":false,"_citadela_page_template":"","_citadela_half_map_provider":"","_citadela_half_map_theme":"","_citadela_half_map_themeOSM":"","_citadela_half_map_customTheme":"","_citadela_half_map_dataType":"","_citadela_half_map_dynamicTrack":false,"_citadela_half_map_trackColor":"","_citadela_half_map_trackEndpointsColor":"","_citadela_half_map_filterCategory":"","_citadela_half_map_filterLocation":"","_citadela_half_map_filterFeatured":false,"_citadela_half_map_noDataBehavior":"empty-map","_citadela_half_map_noDataText":"","_citadela_half_map_clusterGridSize":80,"_citadela_header":false,"_citadela_header_over_content":false,"_citadela_header_text_color":"","_citadela_header_logo":[],"_citadela_header_bg_image":[],"_citadela_header_bg_position":[],"_citadela_header_bg_size":"","_citadela_header_bg_repeat":"","_citadela_header_bg_fixed":false,"_citadela_header_bg_color":"","_citadela_header_bg_image_overlay":"","_citadela_header_transparent_bg":false,"_citadela_content_width":"","_citadela_half_layout_position":""},"citadela-item-category":[424],"citadela-item-location":[452],"class_list":["post-7404","citadela-item","type-citadela-item","status-publish","has-post-thumbnail","hentry","citadela-item-category-patrimonio-y-cultura","citadela-item-location-nantes"],"yoast_head":"<!-- This site is optimized with the Yoast SEO plugin v26.9 - https:\/\/yoast.com\/product\/yoast-seo-wordpress\/ -->\n<title>Capilla de O Santo - Turismo de Sanxenxo<\/title>\n<meta name=\"robots\" content=\"index, follow, max-snippet:-1, max-image-preview:large, max-video-preview:-1\" \/>\n<link rel=\"canonical\" href=\"https:\/\/www.turismodesanxenxo.com\/en\/que-visitar\/capilla-de-o-santo\/\" \/>\n<meta property=\"og:locale\" content=\"en_GB\" \/>\n<meta property=\"og:type\" content=\"article\" \/>\n<meta property=\"og:title\" content=\"Capilla de O Santo - Turismo de Sanxenxo\" \/>\n<meta property=\"og:description\" content=\"Del siglo XVI, a\u00f1o 1591, de una sola nave rectangular. En su fachada principal tiene un escudo donde se representan los bueyes que simbolizan los que aport\u00f3 el abad de Nantes para facilitar su construcci\u00f3n rematada en espada\u00f1a. Su entorno ha sido recientemente objeto de una mejora urban\u00edstica, con un empedrado y mejora de la [&hellip;]\" \/>\n<meta property=\"og:url\" content=\"https:\/\/www.turismodesanxenxo.com\/en\/que-visitar\/capilla-de-o-santo\/\" \/>\n<meta property=\"og:site_name\" content=\"Turismo de Sanxenxo\" \/>\n<meta property=\"article:publisher\" content=\"https:\/\/www.facebook.com\/sanxenxo.turismodesanxenxo\/\" \/>\n<meta property=\"article:modified_time\" content=\"2021-12-08T02:42:51+00:00\" \/>\n<meta property=\"og:image\" content=\"https:\/\/www.turismodesanxenxo.com\/wp-content\/uploads\/2021\/12\/capela-o-santo-nantes-1-1.jpg\" \/>\n\t<meta property=\"og:image:width\" content=\"548\" \/>\n\t<meta property=\"og:image:height\" content=\"362\" \/>\n\t<meta property=\"og:image:type\" content=\"image\/jpeg\" \/>\n<meta name=\"twitter:card\" content=\"summary_large_image\" \/>\n<meta name=\"twitter:site\" content=\"@turismosanxenxo\" \/>\n<script type=\"application\/ld+json\" class=\"yoast-schema-graph\">{\"@context\":\"https:\/\/schema.org\",\"@graph\":[{\"@type\":\"WebPage\",\"@id\":\"https:\/\/www.turismodesanxenxo.com\/en\/que-visitar\/capilla-de-o-santo\/\",\"url\":\"https:\/\/www.turismodesanxenxo.com\/en\/que-visitar\/capilla-de-o-santo\/\",\"name\":\"Capilla de O Santo - Turismo de Sanxenxo\",\"isPartOf\":{\"@id\":\"https:\/\/www.turismodesanxenxo.com\/#website\"},\"primaryImageOfPage\":{\"@id\":\"https:\/\/www.turismodesanxenxo.com\/en\/que-visitar\/capilla-de-o-santo\/#primaryimage\"},\"image\":{\"@id\":\"https:\/\/www.turismodesanxenxo.com\/en\/que-visitar\/capilla-de-o-santo\/#primaryimage\"},\"thumbnailUrl\":\"https:\/\/www.turismodesanxenxo.com\/wp-content\/uploads\/2021\/12\/capela-o-santo-nantes-1-1.jpg\",\"datePublished\":\"2021-12-05T23:37:53+00:00\",\"dateModified\":\"2021-12-08T02:42:51+00:00\",\"breadcrumb\":{\"@id\":\"https:\/\/www.turismodesanxenxo.com\/en\/que-visitar\/capilla-de-o-santo\/#breadcrumb\"},\"inLanguage\":\"en-GB\",\"potentialAction\":[{\"@type\":\"ReadAction\",\"target\":[\"https:\/\/www.turismodesanxenxo.com\/en\/que-visitar\/capilla-de-o-santo\/\"]}]},{\"@type\":\"ImageObject\",\"inLanguage\":\"en-GB\",\"@id\":\"https:\/\/www.turismodesanxenxo.com\/en\/que-visitar\/capilla-de-o-santo\/#primaryimage\",\"url\":\"https:\/\/www.turismodesanxenxo.com\/wp-content\/uploads\/2021\/12\/capela-o-santo-nantes-1-1.jpg\",\"contentUrl\":\"https:\/\/www.turismodesanxenxo.com\/wp-content\/uploads\/2021\/12\/capela-o-santo-nantes-1-1.jpg\",\"width\":548,\"height\":362},{\"@type\":\"BreadcrumbList\",\"@id\":\"https:\/\/www.turismodesanxenxo.com\/en\/que-visitar\/capilla-de-o-santo\/#breadcrumb\",\"itemListElement\":[{\"@type\":\"ListItem\",\"position\":1,\"name\":\"Portada\",\"item\":\"https:\/\/www.turismodesanxenxo.com\/\"},{\"@type\":\"ListItem\",\"position\":2,\"name\":\"Capilla de O Santo\"}]},{\"@type\":\"WebSite\",\"@id\":\"https:\/\/www.turismodesanxenxo.com\/#website\",\"url\":\"https:\/\/www.turismodesanxenxo.com\/\",\"name\":\"Turismo de Sanxenxo\",\"description\":\"Qu\u00e9 visitar y hacer en el Concello de Sanxenxo\",\"publisher\":{\"@id\":\"https:\/\/www.turismodesanxenxo.com\/#organization\"},\"potentialAction\":[{\"@type\":\"SearchAction\",\"target\":{\"@type\":\"EntryPoint\",\"urlTemplate\":\"https:\/\/www.turismodesanxenxo.com\/?s={search_term_string}\"},\"query-input\":{\"@type\":\"PropertyValueSpecification\",\"valueRequired\":true,\"valueName\":\"search_term_string\"}}],\"inLanguage\":\"en-GB\"},{\"@type\":\"Organization\",\"@id\":\"https:\/\/www.turismodesanxenxo.com\/#organization\",\"name\":\"Turismo de Sanxenxo\",\"url\":\"https:\/\/www.turismodesanxenxo.com\/\",\"logo\":{\"@type\":\"ImageObject\",\"inLanguage\":\"en-GB\",\"@id\":\"https:\/\/www.turismodesanxenxo.com\/#\/schema\/logo\/image\/\",\"url\":\"https:\/\/www.turismodesanxenxo.com\/wp-content\/uploads\/2021\/12\/logo-web-turismo-sanxenxo-3c.png\",\"contentUrl\":\"https:\/\/www.turismodesanxenxo.com\/wp-content\/uploads\/2021\/12\/logo-web-turismo-sanxenxo-3c.png\",\"width\":255,\"height\":111,\"caption\":\"Turismo de Sanxenxo\"},\"image\":{\"@id\":\"https:\/\/www.turismodesanxenxo.com\/#\/schema\/logo\/image\/\"},\"sameAs\":[\"https:\/\/www.facebook.com\/sanxenxo.turismodesanxenxo\/\",\"https:\/\/x.com\/turismosanxenxo\",\"https:\/\/www.instagram.com\/turismosanxenxo\/\",\"https:\/\/www.youtube.com\/user\/TurismoSanxenxo\"]}]}<\/script>\n<!-- \/ Yoast SEO plugin. -->","yoast_head_json":{"title":"Capilla de O Santo - Turismo de Sanxenxo","robots":{"index":"index","follow":"follow","max-snippet":"max-snippet:-1","max-image-preview":"max-image-preview:large","max-video-preview":"max-video-preview:-1"},"canonical":"https:\/\/www.turismodesanxenxo.com\/en\/que-visitar\/capilla-de-o-santo\/","og_locale":"en_GB","og_type":"article","og_title":"Capilla de O Santo - Turismo de Sanxenxo","og_description":"Del siglo XVI, a\u00f1o 1591, de una sola nave rectangular. En su fachada principal tiene un escudo donde se representan los bueyes que simbolizan los que aport\u00f3 el abad de Nantes para facilitar su construcci\u00f3n rematada en espada\u00f1a. Su entorno ha sido recientemente objeto de una mejora urban\u00edstica, con un empedrado y mejora de la [&hellip;]","og_url":"https:\/\/www.turismodesanxenxo.com\/en\/que-visitar\/capilla-de-o-santo\/","og_site_name":"Turismo de Sanxenxo","article_publisher":"https:\/\/www.facebook.com\/sanxenxo.turismodesanxenxo\/","article_modified_time":"2021-12-08T02:42:51+00:00","og_image":[{"width":548,"height":362,"url":"https:\/\/www.turismodesanxenxo.com\/wp-content\/uploads\/2021\/12\/capela-o-santo-nantes-1-1.jpg","type":"image\/jpeg"}],"twitter_card":"summary_large_image","twitter_site":"@turismosanxenxo","schema":{"@context":"https:\/\/schema.org","@graph":[{"@type":"WebPage","@id":"https:\/\/www.turismodesanxenxo.com\/en\/que-visitar\/capilla-de-o-santo\/","url":"https:\/\/www.turismodesanxenxo.com\/en\/que-visitar\/capilla-de-o-santo\/","name":"Capilla de O Santo - Turismo de Sanxenxo","isPartOf":{"@id":"https:\/\/www.turismodesanxenxo.com\/#website"},"primaryImageOfPage":{"@id":"https:\/\/www.turismodesanxenxo.com\/en\/que-visitar\/capilla-de-o-santo\/#primaryimage"},"image":{"@id":"https:\/\/www.turismodesanxenxo.com\/en\/que-visitar\/capilla-de-o-santo\/#primaryimage"},"thumbnailUrl":"https:\/\/www.turismodesanxenxo.com\/wp-content\/uploads\/2021\/12\/capela-o-santo-nantes-1-1.jpg","datePublished":"2021-12-05T23:37:53+00:00","dateModified":"2021-12-08T02:42:51+00:00","breadcrumb":{"@id":"https:\/\/www.turismodesanxenxo.com\/en\/que-visitar\/capilla-de-o-santo\/#breadcrumb"},"inLanguage":"en-GB","potentialAction":[{"@type":"ReadAction","target":["https:\/\/www.turismodesanxenxo.com\/en\/que-visitar\/capilla-de-o-santo\/"]}]},{"@type":"ImageObject","inLanguage":"en-GB","@id":"https:\/\/www.turismodesanxenxo.com\/en\/que-visitar\/capilla-de-o-santo\/#primaryimage","url":"https:\/\/www.turismodesanxenxo.com\/wp-content\/uploads\/2021\/12\/capela-o-santo-nantes-1-1.jpg","contentUrl":"https:\/\/www.turismodesanxenxo.com\/wp-content\/uploads\/2021\/12\/capela-o-santo-nantes-1-1.jpg","width":548,"height":362},{"@type":"BreadcrumbList","@id":"https:\/\/www.turismodesanxenxo.com\/en\/que-visitar\/capilla-de-o-santo\/#breadcrumb","itemListElement":[{"@type":"ListItem","position":1,"name":"Portada","item":"https:\/\/www.turismodesanxenxo.com\/"},{"@type":"ListItem","position":2,"name":"Capilla de O Santo"}]},{"@type":"WebSite","@id":"https:\/\/www.turismodesanxenxo.com\/#website","url":"https:\/\/www.turismodesanxenxo.com\/","name":"Turismo de Sanxenxo","description":"Qu\u00e9 visitar y hacer en el Concello de Sanxenxo","publisher":{"@id":"https:\/\/www.turismodesanxenxo.com\/#organization"},"potentialAction":[{"@type":"SearchAction","target":{"@type":"EntryPoint","urlTemplate":"https:\/\/www.turismodesanxenxo.com\/?s={search_term_string}"},"query-input":{"@type":"PropertyValueSpecification","valueRequired":true,"valueName":"search_term_string"}}],"inLanguage":"en-GB"},{"@type":"Organization","@id":"https:\/\/www.turismodesanxenxo.com\/#organization","name":"Turismo de Sanxenxo","url":"https:\/\/www.turismodesanxenxo.com\/","logo":{"@type":"ImageObject","inLanguage":"en-GB","@id":"https:\/\/www.turismodesanxenxo.com\/#\/schema\/logo\/image\/","url":"https:\/\/www.turismodesanxenxo.com\/wp-content\/uploads\/2021\/12\/logo-web-turismo-sanxenxo-3c.png","contentUrl":"https:\/\/www.turismodesanxenxo.com\/wp-content\/uploads\/2021\/12\/logo-web-turismo-sanxenxo-3c.png","width":255,"height":111,"caption":"Turismo de Sanxenxo"},"image":{"@id":"https:\/\/www.turismodesanxenxo.com\/#\/schema\/logo\/image\/"},"sameAs":["https:\/\/www.facebook.com\/sanxenxo.turismodesanxenxo\/","https:\/\/x.com\/turismosanxenxo","https:\/\/www.instagram.com\/turismosanxenxo\/","https:\/\/www.youtube.com\/user\/TurismoSanxenxo"]}]}},"_links":{"self":[{"href":"https:\/\/www.turismodesanxenxo.com\/en\/wp-json\/wp\/v2\/citadela-item\/7404","targetHints":{"allow":["GET"]}}],"collection":[{"href":"https:\/\/www.turismodesanxenxo.com\/en\/wp-json\/wp\/v2\/citadela-item"}],"about":[{"href":"https:\/\/www.turismodesanxenxo.com\/en\/wp-json\/wp\/v2\/types\/citadela-item"}],"author":[{"embeddable":true,"href":"https:\/\/www.turismodesanxenxo.com\/en\/wp-json\/wp\/v2\/users\/4"}],"replies":[{"embeddable":true,"href":"https:\/\/www.turismodesanxenxo.com\/en\/wp-json\/wp\/v2\/comments?post=7404"}],"version-history":[{"count":2,"href":"https:\/\/www.turismodesanxenxo.com\/en\/wp-json\/wp\/v2\/citadela-item\/7404\/revisions"}],"predecessor-version":[{"id":7684,"href":"https:\/\/www.turismodesanxenxo.com\/en\/wp-json\/wp\/v2\/citadela-item\/7404\/revisions\/7684"}],"wp:featuredmedia":[{"embeddable":true,"href":"https:\/\/www.turismodesanxenxo.com\/en\/wp-json\/wp\/v2\/media\/7683"}],"wp:attachment":[{"href":"https:\/\/www.turismodesanxenxo.com\/en\/wp-json\/wp\/v2\/media?parent=7404"}],"wp:term":[{"taxonomy":"citadela-item-category","embeddable":true,"href":"https:\/\/www.turismodesanxenxo.com\/en\/wp-json\/wp\/v2\/citadela-item-category?post=7404"},{"taxonomy":"citadela-item-location","embeddable":true,"href":"https:\/\/www.turismodesanxenxo.com\/en\/wp-json\/wp\/v2\/citadela-item-location?post=7404"}],"curies":[{"name":"wp","href":"https:\/\/api.w.org\/{rel}","templated":true}]}}

<p>From the 16th century, 1591, with a single rectangular nave. On its main façade there is a coat of arms, with oxen symbolising those contributed by the abbot of Nantes to facilitate its construction, topped by a steeple. </p>



<p>The surrounding area has recently undergone an urban refurbishment, with cobblestones and better lighting, which has brightened up the chapel and humanised its surroundings.</p>

<p>Del siglo XVI, año 1591, de una sola nave rectangular. En su fachada principal tiene un escudo donde se representan los bueyes que simbolizan los que aportó el abad de Nantes para facilitar su construcción rematada en espadaña. Su entorno ha sido recientemente objeto de una mejora urbanística, con un empedrado y mejora de la [&hellip;]</p>

<!-- This site is optimized with the Yoast SEO plugin v26.9 - https://yoast.com/product/yoast-seo-wordpress/ -->
<title>Capilla de O Santo - Turismo de Sanxenxo</title>
<meta name="robots" content="index, follow, max-snippet:-1, max-image-preview:large, max-video-preview:-1" />
<link rel="canonical" href="https://www.turismodesanxenxo.com/en/que-visitar/capilla-de-o-santo/" />
<meta property="og:locale" content="en_GB" />
<meta property="og:type" content="article" />
<meta property="og:title" content="Capilla de O Santo - Turismo de Sanxenxo" />
<meta property="og:description" content="Del siglo XVI, año 1591, de una sola nave rectangular. En su fachada principal tiene un escudo donde se representan los bueyes que simbolizan los que aportó el abad de Nantes para facilitar su construcción rematada en espadaña. Su entorno ha sido recientemente objeto de una mejora urbanística, con un empedrado y mejora de la [&hellip;]" />
<meta property="og:url" content="https://www.turismodesanxenxo.com/en/que-visitar/capilla-de-o-santo/" />
<meta property="og:site_name" content="Turismo de Sanxenxo" />
<meta property="article:publisher" content="https://www.facebook.com/sanxenxo.turismodesanxenxo/" />
<meta property="article:modified_time" content="2021-12-08T02:42:51+00:00" />
<meta property="og:image" content="https://www.turismodesanxenxo.com/wp-content/uploads/2021/12/capela-o-santo-nantes-1-1.jpg" />
	<meta property="og:image:width" content="548" />
	<meta property="og:image:height" content="362" />
	<meta property="og:image:type" content="image/jpeg" />
<meta name="twitter:card" content="summary_large_image" />
<meta name="twitter:site" content="@turismosanxenxo" />
<script type="application/ld+json" class="yoast-schema-graph">{"@context":"https://schema.org","@graph":[{"@type":"WebPage","@id":"https://www.turismodesanxenxo.com/en/que-visitar/capilla-de-o-santo/","url":"https://www.turismodesanxenxo.com/en/que-visitar/capilla-de-o-santo/","name":"Capilla de O Santo - Turismo de Sanxenxo","isPartOf":{"@id":"https://www.turismodesanxenxo.com/#website"},"primaryImageOfPage":{"@id":"https://www.turismodesanxenxo.com/en/que-visitar/capilla-de-o-santo/#primaryimage"},"image":{"@id":"https://www.turismodesanxenxo.com/en/que-visitar/capilla-de-o-santo/#primaryimage"},"thumbnailUrl":"https://www.turismodesanxenxo.com/wp-content/uploads/2021/12/capela-o-santo-nantes-1-1.jpg","datePublished":"2021-12-05T23:37:53+00:00","dateModified":"2021-12-08T02:42:51+00:00","breadcrumb":{"@id":"https://www.turismodesanxenxo.com/en/que-visitar/capilla-de-o-santo/#breadcrumb"},"inLanguage":"en-GB","potentialAction":[{"@type":"ReadAction","target":["https://www.turismodesanxenxo.com/en/que-visitar/capilla-de-o-santo/"]}]},{"@type":"ImageObject","inLanguage":"en-GB","@id":"https://www.turismodesanxenxo.com/en/que-visitar/capilla-de-o-santo/#primaryimage","url":"https://www.turismodesanxenxo.com/wp-content/uploads/2021/12/capela-o-santo-nantes-1-1.jpg","contentUrl":"https://www.turismodesanxenxo.com/wp-content/uploads/2021/12/capela-o-santo-nantes-1-1.jpg","width":548,"height":362},{"@type":"BreadcrumbList","@id":"https://www.turismodesanxenxo.com/en/que-visitar/capilla-de-o-santo/#breadcrumb","itemListElement":[{"@type":"ListItem","position":1,"name":"Portada","item":"https://www.turismodesanxenxo.com/"},{"@type":"ListItem","position":2,"name":"Capilla de O Santo"}]},{"@type":"WebSite","@id":"https://www.turismodesanxenxo.com/#website","url":"https://www.turismodesanxenxo.com/","name":"Turismo de Sanxenxo","description":"Qué visitar y hacer en el Concello de Sanxenxo","publisher":{"@id":"https://www.turismodesanxenxo.com/#organization"},"potentialAction":[{"@type":"SearchAction","target":{"@type":"EntryPoint","urlTemplate":"https://www.turismodesanxenxo.com/?s={search_term_string}"},"query-input":{"@type":"PropertyValueSpecification","valueRequired":true,"valueName":"search_term_string"}}],"inLanguage":"en-GB"},{"@type":"Organization","@id":"https://www.turismodesanxenxo.com/#organization","name":"Turismo de Sanxenxo","url":"https://www.turismodesanxenxo.com/","logo":{"@type":"ImageObject","inLanguage":"en-GB","@id":"https://www.turismodesanxenxo.com/#/schema/logo/image/","url":"https://www.turismodesanxenxo.com/wp-content/uploads/2021/12/logo-web-turismo-sanxenxo-3c.png","contentUrl":"https://www.turismodesanxenxo.com/wp-content/uploads/2021/12/logo-web-turismo-sanxenxo-3c.png","width":255,"height":111,"caption":"Turismo de Sanxenxo"},"image":{"@id":"https://www.turismodesanxenxo.com/#/schema/logo/image/"},"sameAs":["https://www.facebook.com/sanxenxo.turismodesanxenxo/","https://x.com/turismosanxenxo","https://www.instagram.com/turismosanxenxo/","https://www.youtube.com/user/TurismoSanxenxo"]}]}</script>
<!-- / Yoast SEO plugin. -->

Del siglo XVI, año 1591, de una sola nave rectangular. En su fachada principal tiene un escudo donde se representan los bueyes que simbolizan los que aportó el abad de Nantes para facilitar su construcción rematada en espadaña. Su entorno ha sido recientemente objeto de una mejora urbanística, con un empedrado y mejora de la [&hellip;]

Qué visitar y hacer en el Concello de Sanxenxo
