{"id":7418,"date":"2021-12-06T00:47:37","date_gmt":"2021-12-05T23:47:37","guid":{"rendered":"https:\/\/pruebas.turismodesanxenxo.com\/?post_type=citadela-item&#038;p=7418"},"modified":"2021-12-27T00:14:39","modified_gmt":"2021-12-26T23:14:39","slug":"capilla-de-san-juan-de-aios","status":"publish","type":"citadela-item","link":"https:\/\/www.turismodesanxenxo.com\/gl\/que-visitar\/capilla-de-san-juan-de-aios\/","title":{"rendered":"Capela de San Xo\u00e1n de Aios"},"content":{"rendered":"<p>Pequena construci\u00f3n do s. XVIII \u2013 XIX dunha soa nave rectangular.<\/p>","protected":false},"excerpt":{"rendered":"<p>Pequena construci\u00f3n do s. XVIII \u2013 XIX dunha soa nave rectangular.<\/p>","protected":false},"author":4,"featured_media":7673,"menu_order":0,"comment_status":"closed","ping_status":"closed","template":"","meta":{"ghostkit_customizer_options":"","ghostkit_custom_css":"","ghostkit_custom_js_head":"","ghostkit_custom_js_foot":"","ghostkit_typography":"","_citadela_hide_page_title":"","_citadela_remove_header_space":"","_citadela_custom_class":"","_citadela_ignore_special_page":false,"_citadela_page_template":"","_citadela_half_map_provider":"","_citadela_half_map_theme":"","_citadela_half_map_themeOSM":"","_citadela_half_map_customTheme":"","_citadela_half_map_dataType":"","_citadela_half_map_dynamicTrack":false,"_citadela_half_map_trackColor":"","_citadela_half_map_trackEndpointsColor":"","_citadela_half_map_filterCategory":"","_citadela_half_map_filterLocation":"","_citadela_half_map_filterFeatured":false,"_citadela_half_map_noDataBehavior":"empty-map","_citadela_half_map_noDataText":"","_citadela_half_map_clusterGridSize":80,"_citadela_header":false,"_citadela_header_over_content":false,"_citadela_header_text_color":"","_citadela_header_logo":[],"_citadela_header_bg_image":[],"_citadela_header_bg_position":[],"_citadela_header_bg_size":"","_citadela_header_bg_repeat":"","_citadela_header_bg_fixed":false,"_citadela_header_bg_color":"","_citadela_header_bg_image_overlay":"","_citadela_header_transparent_bg":false,"_citadela_content_width":"","_citadela_half_layout_position":""},"citadela-item-category":[424],"citadela-item-location":[453],"class_list":["post-7418","citadela-item","type-citadela-item","status-publish","has-post-thumbnail","hentry","citadela-item-category-patrimonio-y-cultura","citadela-item-location-aios"],"yoast_head":"<!-- This site is optimized with the Yoast SEO plugin v26.9 - https:\/\/yoast.com\/product\/yoast-seo-wordpress\/ -->\n<title>Capilla de San Xo\u00e1n de Aios - Turismo de Sanxenxo<\/title>\n<meta name=\"robots\" content=\"index, follow, max-snippet:-1, max-image-preview:large, max-video-preview:-1\" \/>\n<link rel=\"canonical\" href=\"https:\/\/www.turismodesanxenxo.com\/gl\/que-visitar\/capilla-de-san-juan-de-aios\/\" \/>\n<meta property=\"og:locale\" content=\"gl_ES\" \/>\n<meta property=\"og:type\" content=\"article\" \/>\n<meta property=\"og:title\" content=\"Capilla de San Xo\u00e1n de Aios - Turismo de Sanxenxo\" \/>\n<meta property=\"og:description\" content=\"Peque\u00f1a construcci\u00f3n del s. XVIII &#8211; XIX de una sola nave rectangular.\" \/>\n<meta property=\"og:url\" content=\"https:\/\/www.turismodesanxenxo.com\/gl\/que-visitar\/capilla-de-san-juan-de-aios\/\" \/>\n<meta property=\"og:site_name\" content=\"Turismo de Sanxenxo\" \/>\n<meta property=\"article:publisher\" content=\"https:\/\/www.facebook.com\/sanxenxo.turismodesanxenxo\/\" \/>\n<meta property=\"article:modified_time\" content=\"2021-12-26T23:14:39+00:00\" \/>\n<meta property=\"og:image\" content=\"https:\/\/www.turismodesanxenxo.com\/wp-content\/uploads\/2021\/12\/capilla-aIos-noalla-1-1.png\" \/>\n\t<meta property=\"og:image:width\" content=\"418\" \/>\n\t<meta property=\"og:image:height\" content=\"632\" \/>\n\t<meta property=\"og:image:type\" content=\"image\/png\" \/>\n<meta name=\"twitter:card\" content=\"summary_large_image\" \/>\n<meta name=\"twitter:site\" content=\"@turismosanxenxo\" \/>\n<script type=\"application\/ld+json\" class=\"yoast-schema-graph\">{\"@context\":\"https:\/\/schema.org\",\"@graph\":[{\"@type\":\"WebPage\",\"@id\":\"https:\/\/www.turismodesanxenxo.com\/en\/que-visitar\/capilla-de-san-juan-de-aios\/\",\"url\":\"https:\/\/www.turismodesanxenxo.com\/en\/que-visitar\/capilla-de-san-juan-de-aios\/\",\"name\":\"Capilla de San Xo\u00e1n de Aios - Turismo de Sanxenxo\",\"isPartOf\":{\"@id\":\"https:\/\/www.turismodesanxenxo.com\/#website\"},\"primaryImageOfPage\":{\"@id\":\"https:\/\/www.turismodesanxenxo.com\/en\/que-visitar\/capilla-de-san-juan-de-aios\/#primaryimage\"},\"image\":{\"@id\":\"https:\/\/www.turismodesanxenxo.com\/en\/que-visitar\/capilla-de-san-juan-de-aios\/#primaryimage\"},\"thumbnailUrl\":\"https:\/\/www.turismodesanxenxo.com\/wp-content\/uploads\/2021\/12\/capilla-aIos-noalla-1-1.png\",\"datePublished\":\"2021-12-05T23:47:37+00:00\",\"dateModified\":\"2021-12-26T23:14:39+00:00\",\"breadcrumb\":{\"@id\":\"https:\/\/www.turismodesanxenxo.com\/en\/que-visitar\/capilla-de-san-juan-de-aios\/#breadcrumb\"},\"inLanguage\":\"gl-ES\",\"potentialAction\":[{\"@type\":\"ReadAction\",\"target\":[\"https:\/\/www.turismodesanxenxo.com\/en\/que-visitar\/capilla-de-san-juan-de-aios\/\"]}]},{\"@type\":\"ImageObject\",\"inLanguage\":\"gl-ES\",\"@id\":\"https:\/\/www.turismodesanxenxo.com\/en\/que-visitar\/capilla-de-san-juan-de-aios\/#primaryimage\",\"url\":\"https:\/\/www.turismodesanxenxo.com\/wp-content\/uploads\/2021\/12\/capilla-aIos-noalla-1-1.png\",\"contentUrl\":\"https:\/\/www.turismodesanxenxo.com\/wp-content\/uploads\/2021\/12\/capilla-aIos-noalla-1-1.png\",\"width\":418,\"height\":632},{\"@type\":\"BreadcrumbList\",\"@id\":\"https:\/\/www.turismodesanxenxo.com\/en\/que-visitar\/capilla-de-san-juan-de-aios\/#breadcrumb\",\"itemListElement\":[{\"@type\":\"ListItem\",\"position\":1,\"name\":\"Portada\",\"item\":\"https:\/\/www.turismodesanxenxo.com\/\"},{\"@type\":\"ListItem\",\"position\":2,\"name\":\"Capilla de San Xo\u00e1n de Aios\"}]},{\"@type\":\"WebSite\",\"@id\":\"https:\/\/www.turismodesanxenxo.com\/#website\",\"url\":\"https:\/\/www.turismodesanxenxo.com\/\",\"name\":\"Turismo de Sanxenxo\",\"description\":\"Qu\u00e9 visitar y hacer en el Concello de Sanxenxo\",\"publisher\":{\"@id\":\"https:\/\/www.turismodesanxenxo.com\/#organization\"},\"potentialAction\":[{\"@type\":\"SearchAction\",\"target\":{\"@type\":\"EntryPoint\",\"urlTemplate\":\"https:\/\/www.turismodesanxenxo.com\/?s={search_term_string}\"},\"query-input\":{\"@type\":\"PropertyValueSpecification\",\"valueRequired\":true,\"valueName\":\"search_term_string\"}}],\"inLanguage\":\"gl-ES\"},{\"@type\":\"Organization\",\"@id\":\"https:\/\/www.turismodesanxenxo.com\/#organization\",\"name\":\"Turismo de Sanxenxo\",\"url\":\"https:\/\/www.turismodesanxenxo.com\/\",\"logo\":{\"@type\":\"ImageObject\",\"inLanguage\":\"gl-ES\",\"@id\":\"https:\/\/www.turismodesanxenxo.com\/#\/schema\/logo\/image\/\",\"url\":\"https:\/\/www.turismodesanxenxo.com\/wp-content\/uploads\/2021\/12\/logo-web-turismo-sanxenxo-3c.png\",\"contentUrl\":\"https:\/\/www.turismodesanxenxo.com\/wp-content\/uploads\/2021\/12\/logo-web-turismo-sanxenxo-3c.png\",\"width\":255,\"height\":111,\"caption\":\"Turismo de Sanxenxo\"},\"image\":{\"@id\":\"https:\/\/www.turismodesanxenxo.com\/#\/schema\/logo\/image\/\"},\"sameAs\":[\"https:\/\/www.facebook.com\/sanxenxo.turismodesanxenxo\/\",\"https:\/\/x.com\/turismosanxenxo\",\"https:\/\/www.instagram.com\/turismosanxenxo\/\",\"https:\/\/www.youtube.com\/user\/TurismoSanxenxo\"]}]}<\/script>\n<!-- \/ Yoast SEO plugin. -->","yoast_head_json":{"title":"Capilla de San Xo\u00e1n de Aios - Turismo de Sanxenxo","robots":{"index":"index","follow":"follow","max-snippet":"max-snippet:-1","max-image-preview":"max-image-preview:large","max-video-preview":"max-video-preview:-1"},"canonical":"https:\/\/www.turismodesanxenxo.com\/gl\/que-visitar\/capilla-de-san-juan-de-aios\/","og_locale":"gl_ES","og_type":"article","og_title":"Capilla de San Xo\u00e1n de Aios - Turismo de Sanxenxo","og_description":"Peque\u00f1a construcci\u00f3n del s. XVIII &#8211; XIX de una sola nave rectangular.","og_url":"https:\/\/www.turismodesanxenxo.com\/gl\/que-visitar\/capilla-de-san-juan-de-aios\/","og_site_name":"Turismo de Sanxenxo","article_publisher":"https:\/\/www.facebook.com\/sanxenxo.turismodesanxenxo\/","article_modified_time":"2021-12-26T23:14:39+00:00","og_image":[{"width":418,"height":632,"url":"https:\/\/www.turismodesanxenxo.com\/wp-content\/uploads\/2021\/12\/capilla-aIos-noalla-1-1.png","type":"image\/png"}],"twitter_card":"summary_large_image","twitter_site":"@turismosanxenxo","schema":{"@context":"https:\/\/schema.org","@graph":[{"@type":"WebPage","@id":"https:\/\/www.turismodesanxenxo.com\/en\/que-visitar\/capilla-de-san-juan-de-aios\/","url":"https:\/\/www.turismodesanxenxo.com\/en\/que-visitar\/capilla-de-san-juan-de-aios\/","name":"Capilla de San Xo\u00e1n de Aios - Turismo de Sanxenxo","isPartOf":{"@id":"https:\/\/www.turismodesanxenxo.com\/#website"},"primaryImageOfPage":{"@id":"https:\/\/www.turismodesanxenxo.com\/en\/que-visitar\/capilla-de-san-juan-de-aios\/#primaryimage"},"image":{"@id":"https:\/\/www.turismodesanxenxo.com\/en\/que-visitar\/capilla-de-san-juan-de-aios\/#primaryimage"},"thumbnailUrl":"https:\/\/www.turismodesanxenxo.com\/wp-content\/uploads\/2021\/12\/capilla-aIos-noalla-1-1.png","datePublished":"2021-12-05T23:47:37+00:00","dateModified":"2021-12-26T23:14:39+00:00","breadcrumb":{"@id":"https:\/\/www.turismodesanxenxo.com\/en\/que-visitar\/capilla-de-san-juan-de-aios\/#breadcrumb"},"inLanguage":"gl-ES","potentialAction":[{"@type":"ReadAction","target":["https:\/\/www.turismodesanxenxo.com\/en\/que-visitar\/capilla-de-san-juan-de-aios\/"]}]},{"@type":"ImageObject","inLanguage":"gl-ES","@id":"https:\/\/www.turismodesanxenxo.com\/en\/que-visitar\/capilla-de-san-juan-de-aios\/#primaryimage","url":"https:\/\/www.turismodesanxenxo.com\/wp-content\/uploads\/2021\/12\/capilla-aIos-noalla-1-1.png","contentUrl":"https:\/\/www.turismodesanxenxo.com\/wp-content\/uploads\/2021\/12\/capilla-aIos-noalla-1-1.png","width":418,"height":632},{"@type":"BreadcrumbList","@id":"https:\/\/www.turismodesanxenxo.com\/en\/que-visitar\/capilla-de-san-juan-de-aios\/#breadcrumb","itemListElement":[{"@type":"ListItem","position":1,"name":"Portada","item":"https:\/\/www.turismodesanxenxo.com\/"},{"@type":"ListItem","position":2,"name":"Capilla de San Xo\u00e1n de Aios"}]},{"@type":"WebSite","@id":"https:\/\/www.turismodesanxenxo.com\/#website","url":"https:\/\/www.turismodesanxenxo.com\/","name":"Turismo de Sanxenxo","description":"Qu\u00e9 visitar y hacer en el Concello de Sanxenxo","publisher":{"@id":"https:\/\/www.turismodesanxenxo.com\/#organization"},"potentialAction":[{"@type":"SearchAction","target":{"@type":"EntryPoint","urlTemplate":"https:\/\/www.turismodesanxenxo.com\/?s={search_term_string}"},"query-input":{"@type":"PropertyValueSpecification","valueRequired":true,"valueName":"search_term_string"}}],"inLanguage":"gl-ES"},{"@type":"Organization","@id":"https:\/\/www.turismodesanxenxo.com\/#organization","name":"Turismo de Sanxenxo","url":"https:\/\/www.turismodesanxenxo.com\/","logo":{"@type":"ImageObject","inLanguage":"gl-ES","@id":"https:\/\/www.turismodesanxenxo.com\/#\/schema\/logo\/image\/","url":"https:\/\/www.turismodesanxenxo.com\/wp-content\/uploads\/2021\/12\/logo-web-turismo-sanxenxo-3c.png","contentUrl":"https:\/\/www.turismodesanxenxo.com\/wp-content\/uploads\/2021\/12\/logo-web-turismo-sanxenxo-3c.png","width":255,"height":111,"caption":"Turismo de Sanxenxo"},"image":{"@id":"https:\/\/www.turismodesanxenxo.com\/#\/schema\/logo\/image\/"},"sameAs":["https:\/\/www.facebook.com\/sanxenxo.turismodesanxenxo\/","https:\/\/x.com\/turismosanxenxo","https:\/\/www.instagram.com\/turismosanxenxo\/","https:\/\/www.youtube.com\/user\/TurismoSanxenxo"]}]}},"_links":{"self":[{"href":"https:\/\/www.turismodesanxenxo.com\/gl\/wp-json\/wp\/v2\/citadela-item\/7418","targetHints":{"allow":["GET"]}}],"collection":[{"href":"https:\/\/www.turismodesanxenxo.com\/gl\/wp-json\/wp\/v2\/citadela-item"}],"about":[{"href":"https:\/\/www.turismodesanxenxo.com\/gl\/wp-json\/wp\/v2\/types\/citadela-item"}],"author":[{"embeddable":true,"href":"https:\/\/www.turismodesanxenxo.com\/gl\/wp-json\/wp\/v2\/users\/4"}],"replies":[{"embeddable":true,"href":"https:\/\/www.turismodesanxenxo.com\/gl\/wp-json\/wp\/v2\/comments?post=7418"}],"version-history":[{"count":3,"href":"https:\/\/www.turismodesanxenxo.com\/gl\/wp-json\/wp\/v2\/citadela-item\/7418\/revisions"}],"predecessor-version":[{"id":8114,"href":"https:\/\/www.turismodesanxenxo.com\/gl\/wp-json\/wp\/v2\/citadela-item\/7418\/revisions\/8114"}],"wp:featuredmedia":[{"embeddable":true,"href":"https:\/\/www.turismodesanxenxo.com\/gl\/wp-json\/wp\/v2\/media\/7673"}],"wp:attachment":[{"href":"https:\/\/www.turismodesanxenxo.com\/gl\/wp-json\/wp\/v2\/media?parent=7418"}],"wp:term":[{"taxonomy":"citadela-item-category","embeddable":true,"href":"https:\/\/www.turismodesanxenxo.com\/gl\/wp-json\/wp\/v2\/citadela-item-category?post=7418"},{"taxonomy":"citadela-item-location","embeddable":true,"href":"https:\/\/www.turismodesanxenxo.com\/gl\/wp-json\/wp\/v2\/citadela-item-location?post=7418"}],"curies":[{"name":"wp","href":"https:\/\/api.w.org\/{rel}","templated":true}]}}

Capela de San Xoán de Aios

<p>Pequena construción do s. XVIII – XIX dunha soa nave rectangular.</p>

<!-- This site is optimized with the Yoast SEO plugin v26.9 - https://yoast.com/product/yoast-seo-wordpress/ -->
<title>Capilla de San Xoán de Aios - Turismo de Sanxenxo</title>
<meta name="robots" content="index, follow, max-snippet:-1, max-image-preview:large, max-video-preview:-1" />
<link rel="canonical" href="https://www.turismodesanxenxo.com/gl/que-visitar/capilla-de-san-juan-de-aios/" />
<meta property="og:locale" content="gl_ES" />
<meta property="og:type" content="article" />
<meta property="og:title" content="Capilla de San Xoán de Aios - Turismo de Sanxenxo" />
<meta property="og:description" content="Pequeña construcción del s. XVIII &#8211; XIX de una sola nave rectangular." />
<meta property="og:url" content="https://www.turismodesanxenxo.com/gl/que-visitar/capilla-de-san-juan-de-aios/" />
<meta property="og:site_name" content="Turismo de Sanxenxo" />
<meta property="article:publisher" content="https://www.facebook.com/sanxenxo.turismodesanxenxo/" />
<meta property="article:modified_time" content="2021-12-26T23:14:39+00:00" />
<meta property="og:image" content="https://www.turismodesanxenxo.com/wp-content/uploads/2021/12/capilla-aIos-noalla-1-1.png" />
	<meta property="og:image:width" content="418" />
	<meta property="og:image:height" content="632" />
	<meta property="og:image:type" content="image/png" />
<meta name="twitter:card" content="summary_large_image" />
<meta name="twitter:site" content="@turismosanxenxo" />
<script type="application/ld+json" class="yoast-schema-graph">{"@context":"https://schema.org","@graph":[{"@type":"WebPage","@id":"https://www.turismodesanxenxo.com/en/que-visitar/capilla-de-san-juan-de-aios/","url":"https://www.turismodesanxenxo.com/en/que-visitar/capilla-de-san-juan-de-aios/","name":"Capilla de San Xoán de Aios - Turismo de Sanxenxo","isPartOf":{"@id":"https://www.turismodesanxenxo.com/#website"},"primaryImageOfPage":{"@id":"https://www.turismodesanxenxo.com/en/que-visitar/capilla-de-san-juan-de-aios/#primaryimage"},"image":{"@id":"https://www.turismodesanxenxo.com/en/que-visitar/capilla-de-san-juan-de-aios/#primaryimage"},"thumbnailUrl":"https://www.turismodesanxenxo.com/wp-content/uploads/2021/12/capilla-aIos-noalla-1-1.png","datePublished":"2021-12-05T23:47:37+00:00","dateModified":"2021-12-26T23:14:39+00:00","breadcrumb":{"@id":"https://www.turismodesanxenxo.com/en/que-visitar/capilla-de-san-juan-de-aios/#breadcrumb"},"inLanguage":"gl-ES","potentialAction":[{"@type":"ReadAction","target":["https://www.turismodesanxenxo.com/en/que-visitar/capilla-de-san-juan-de-aios/"]}]},{"@type":"ImageObject","inLanguage":"gl-ES","@id":"https://www.turismodesanxenxo.com/en/que-visitar/capilla-de-san-juan-de-aios/#primaryimage","url":"https://www.turismodesanxenxo.com/wp-content/uploads/2021/12/capilla-aIos-noalla-1-1.png","contentUrl":"https://www.turismodesanxenxo.com/wp-content/uploads/2021/12/capilla-aIos-noalla-1-1.png","width":418,"height":632},{"@type":"BreadcrumbList","@id":"https://www.turismodesanxenxo.com/en/que-visitar/capilla-de-san-juan-de-aios/#breadcrumb","itemListElement":[{"@type":"ListItem","position":1,"name":"Portada","item":"https://www.turismodesanxenxo.com/"},{"@type":"ListItem","position":2,"name":"Capilla de San Xoán de Aios"}]},{"@type":"WebSite","@id":"https://www.turismodesanxenxo.com/#website","url":"https://www.turismodesanxenxo.com/","name":"Turismo de Sanxenxo","description":"Qué visitar y hacer en el Concello de Sanxenxo","publisher":{"@id":"https://www.turismodesanxenxo.com/#organization"},"potentialAction":[{"@type":"SearchAction","target":{"@type":"EntryPoint","urlTemplate":"https://www.turismodesanxenxo.com/?s={search_term_string}"},"query-input":{"@type":"PropertyValueSpecification","valueRequired":true,"valueName":"search_term_string"}}],"inLanguage":"gl-ES"},{"@type":"Organization","@id":"https://www.turismodesanxenxo.com/#organization","name":"Turismo de Sanxenxo","url":"https://www.turismodesanxenxo.com/","logo":{"@type":"ImageObject","inLanguage":"gl-ES","@id":"https://www.turismodesanxenxo.com/#/schema/logo/image/","url":"https://www.turismodesanxenxo.com/wp-content/uploads/2021/12/logo-web-turismo-sanxenxo-3c.png","contentUrl":"https://www.turismodesanxenxo.com/wp-content/uploads/2021/12/logo-web-turismo-sanxenxo-3c.png","width":255,"height":111,"caption":"Turismo de Sanxenxo"},"image":{"@id":"https://www.turismodesanxenxo.com/#/schema/logo/image/"},"sameAs":["https://www.facebook.com/sanxenxo.turismodesanxenxo/","https://x.com/turismosanxenxo","https://www.instagram.com/turismosanxenxo/","https://www.youtube.com/user/TurismoSanxenxo"]}]}</script>
<!-- / Yoast SEO plugin. -->

Capilla de San Xoán de Aios - Turismo de Sanxenxo

Pequeña construcción del s. XVIII &#8211; XIX de una sola nave rectangular.

Capilla de San Xoán de Aios

Qué visitar y hacer en el Concello de Sanxenxo
